be v + ((-1050)/(-5) - 3). Suppose 2*k + a = 41, 2*k + 2*a - 8 = 32. What is the highest common factor of l and k?
21
Let b be -30 + (26/10 - (-18)/45). Let f be (b - -7)*(-33)/(-12). Let g = 70 + f. Calculate the greatest common factor of g and 20.
5
Let n be (-424)/(-40) + ((-189)/(-35))/(-9). Calculate the highest common divisor of 135 and n.
5
Let v(f) = 45*f**2 + 39*f + 123. Let u be v(-3). Calculate the highest common factor of 3 and u.
3
Suppose -2*b = -q - 17 + 5, 3*q - 52 = -5*b. Let k be b + -11 + (38 - -2)/4. What is the greatest common divisor of k and 175?
7
Let w = 5389 + -4014. Calculate the highest common divisor of 44 and w.
11
Let r(z) = 2*z**2 - 5*z - 7. Let f be r(6). Suppose -3*x + 329 = -5*g - 381, -3*x + 720 = -3*g. Calculate the highest common factor of f and x.
35
Let p be (-144)/(-20)*(-20)/(-3). Let s(a) = 2*a**3 + 3*a**2 + 22*a - 87. Let f be s(3). What is the greatest common factor of p and f?
12
Suppose 3*p = 4*x + 7*p - 20, 0 = -5*x + 5*p + 25. Suppose 6*n - 232 = -c, -x*n - c - 3*c + 187 = 0. Calculate the greatest common factor of n and 624.
39
Suppose 16615 = 29*k - 11845 - 5847. Calculate the highest common factor of 7 and k.
7
Let y be 724/3*315/420. Suppose t - 3*x - 44 = -x, -5*t - 3*x + y = 0. Calculate the greatest common factor of t and 722.
38
Suppose -259*k - 21735 = -394*k. Calculate the greatest common divisor of 35 and k.
7
Suppose -9*d - 57 = -21. Let j(g) = -25*g - 89. Let y be j(d). Suppose 4*z = z + 363. What is the highest common divisor of z and y?
11
Let k = -126 - -144. Suppose 2968 = 71*c - k*c. What is the greatest common factor of c and 266?
14
Suppose -8*y + 4*y - 3*v + 92 = 0, -y + v + 16 = 0. Suppose y*f - 123 - 157 = 0. Calculate the greatest common factor of 84 and f.
14
Let f = 7070 + -6904. Calculate the highest common divisor of 3071 and f.
83
Let u be 8 + 2 + 9 + (-480)/(-80). Calculate the highest common factor of 830 and u.
5
Suppose 3*c - 2*c - 5 = 0. Let g(t) = -t + 5*t - c - 3*t. Let b be g(9). Calculate the greatest common divisor of b and 44.
4
Let r = -2926 - -4666. What is the greatest common factor of r and 60?
60
Let y = -46 - -48. Suppose d - 4*u = 19, y*u - 73 - 75 = -4*d. Suppose 0*r = 2*a + 3*r - d, -5*r + 69 = 4*a. What is the highest common factor of 144 and a?
16
Let a = -29687 - -43924. What is the greatest common divisor of a and 46?
23
Let j(f) = -1013*f**2 - 3*f + 8. Let t(b) = -506*b**2 - b + 5. Let y(d) = -3*j(d) + 5*t(d). Let o be y(-1). What is the greatest common factor of o and 46?
46
Suppose 4*b + 1757 = 2*p - 223, -4*b + 3876 = 4*p. What is the highest common factor of p and 304?
16
Let g(p) = p**3 - 35*p**2 + 17*p + 218. Let o be g(35). Let x be 4/10 - (-5426)/10. Let r = o - x. Calculate the greatest common divisor of r and 54.
54
Let f = 3070 + -2116. Let t be (-13 - -5 - -6) + f. Calculate the highest common divisor of 56 and t.
56
Suppose 606*o = 570*o + 214668. Calculate the greatest common factor of 178 and o.
89
Let o(t) = 8*t**2 - 8*t + 54. Let c be o(10). Suppose 2*g + 4*g - c = 0. Calculate the highest common divisor of 43 and g.
43
Suppose o - 768 = q, -15*o + 9627 = 5*q - 1793. Calculate the highest common divisor of o and 109.
109
Suppose -33*m + 19*m + 10206 = 0. Let w = -468 + m. Calculate the highest common divisor of 116 and w.
29
Suppose -17*p + 22*p = 115. Suppose -q + 2*q = p. Suppose -f + 186 = -2*z, 2*f - 5*z + 9*z - 364 = 0. Calculate the greatest common divisor of q and f.
23
Suppose 0 = 4*z - w - 1231, z + 6*w - 312 = 2*w. Let m = z + -260. Calculate the greatest common divisor of m and 6.
6
Let n be (-4)/(-6)*(-4239)/9. Let k = -296 - n. Suppose 4*i - 434 = 2*x - 0*x, i - 109 = x. What is the highest common factor of k and i?
18
Suppose 4*x - j - 11700 + 609 = 0, -2*j + 19398 = 7*x. What is the highest common factor of x and 1008?
252
Let l = -261 + 272. Suppose 2*y + 8*v - l*v = 306, 4*v + 458 = 3*y. What is the highest common factor of 200 and y?
50
Suppose -2 - 1 = 3*q. Let v = 0 + q. Let h be (5/(-4) + 2)/(v/(-16)). What is the greatest common divisor of 4 and h?
4
Suppose 3*s - a = 22 + 49, -5*s + a + 117 = 0. Let o(u) = -11*u**3 + 13*u**2 + 196*u + 427. Let d be o(-3). What is the greatest common factor of s and d?
23
Suppose -11*g + 4622 = -2594. Let i = g + -503. What is the highest common factor of i and 45?
9
Let a(i) = -i**3 + 3*i + 1. Let r be a(-2). Let u be 4/r + (54901/21)/11. Suppose 2*q - 243 + u = 0. What is the highest common divisor of q and 7?
1
Suppose -4*h = -2*y + 1872, -2*h + 5879 - 2195 = 4*y. What is the highest common divisor of 88 and y?
44
Let k be (-885)/(-33) + (-18)/(-99). What is the highest common factor of 369 and k?
9
Suppose 0 = -4*m + 3*m - 10*m + 11. Let s(y) = 8*y. Let a be s(1). Let r be ((-9 + a)/(m/(-46)))/2. Calculate the greatest common divisor of r and 207.
23
Let o(w) = 306*w + 1. Let q be o(-1). Let g = q + 497. Suppose 3*y = -120 + g. What is the highest common divisor of 40 and y?
8
Suppose -11239 = 258*a - 90961. Suppose 2*p = 3*p - 3. What is the greatest common factor of a and p?
3
Let i = -5 - -11. Let r(t) = -2*t**3 + 13*t**2 - 6*t + 5. Let m be r(i). What is the greatest common divisor of m and 65?
5
Suppose -5*r + 11340 = 5*t, -2*t + 11313 = 5*r - 6*t. Let w be (-3)/((-27)/r) + (-1)/(-3). What is the greatest common factor of 28 and w?
28
Suppose 0 = 3*l - l - 3*c - 2, -3*l + 5*c = -1. Suppose 16*f - 80 = 144. Suppose -42 = -4*y + f. What is the highest common factor of y and l?
7
Let w be (-301674)/(-1096) - (2 + (-33)/12). What is the greatest common divisor of w and 624?
12
Let h = 2766 + -2178. What is the highest common divisor of h and 420?
84
Let n(u) = 119*u + 10. Let y be n(-2). Let x = y + 267. What is the greatest common divisor of x and 78?
39
Suppose -5*z = -2*s - 1 + 9, -4 = -s + 3*z. Let g = s + 20. Let k(a) = a**2 + 15*a + 12. Let c be k(-15). What is the highest common divisor of c and g?
12
Let w(l) = -118*l - 2814. Let j be w(-28). Calculate the greatest common factor of 112 and j.
14
Suppose -4 = -5*h - 3*f, -7*f + 2*f - 10 = 0. Let j be (-21504)/(-196) + h/7. Let u = 108 - 64. Calculate the highest common divisor of u and j.
22
Let b = -51 + 55. Let c(k) = 2*k**3 - 5*k**2 + 10*k + 2. Let a be c(b). What is the highest common factor of a and 30?
30
Let w be (21 - 3)/(48/1280). Calculate the highest common factor of 1280 and w.
160
Let o(j) = -2*j**2 - 24*j - 3. Let p be o(-7). Suppose -p = -4*c - 19. Calculate the highest common divisor of c and 228.
12
Let f(t) = 15 - 33 + 8 - t. Let u be f(-6). Let x be 2/u*1 + 9/2. Calculate the greatest common factor of 32 and x.
4
Let i = -10 - -12. Suppose i*c - 8 = -2*c, a = 3*c + 33. Suppose 3*m + 4*t - 151 = 25, -20 = -4*t. Calculate the greatest common factor of a and m.
13
Let x be 0/(-1) + 1 + -15. Let r be 5/(-10) - x/(-4). Let v(s) = -6*s - 2. Let b be v(r). Calculate the greatest common factor of b and 33.
11
Let f be 36*(4 + -2 + 1). Let u = -19137 - -19218. Calculate the highest common divisor of u and f.
27
Let m(b) = 207*b - 3514. Let c be m(18). Calculate the greatest common divisor of c and 8109.
53
Let z(w) = 2*w**2 + 9*w + 5. Let b be (11 - 12)/(-2 - 33/(-15)). Let o be z(b). Calculate the highest common divisor of o and 2.
2
Let v = 52 + -52. Suppose v*c - c = c. Suppose -b + h = -335, -b + 3*h - 4*h + 325 = c. Calculate the highest common divisor of b and 30.
30
Let g be (-4)/7 + 4681/217. What is the greatest common factor of 10689 and g?
21
Suppose 20 - 12 = 2*x. Suppose -3 - 5 = -x*w, 40 = 4*m + 2*w. Let k be m/(-3 + 6) - -2. What is the greatest common factor of k and 10?
5
Let p(o) = o**2 + 8*o + 16. Let n be p(-4). Suppose n = 3*m - 355 - 137. Suppose m = 3*a + 56. What is the highest common divisor of a and 24?
12
Let o be (7 - 2)/(8 + -7). Suppose 0 = -11*l + 4 + 95. Calculate the greatest common divisor of l and o.
1
Let b(x) = -x**3 - 4*x**2 + 13*x + 10. Let n be b(-6). Suppose -n*j + 1128 = 2*s, 0 = j + 8*s - 6*s - 288. What is the greatest common divisor of j and 80?
40
Suppose 3*l - 1655 = -311. Let m = l - 361. Calculate the greatest common factor of 58 and m.
29
Let g(k) = 16*k**2 + 107*k + 553. Let x be g(-5). What is the highest common divisor of 1102 and x?
38
Let x